10011101
In base 4, what is -3102102 + 11?
-3102031
In base 16, what is -dcf - 10d?
-edc
In base 12, what is 9 - -5563?
5570
In base 2, what is -110010110110111011111 + -101?
-110010110110111100100
In base 11, what is -8721 - 19?
-873a
In base 11, what is -66 - -6013?
5a58
In base 13, what is -918184 - 3?
-918187
In base 10, what is -16 + 3913?
3897
In base 16, what is -2a362 + -2?
-2a364
In base 14, what is 383 - 1b1?
1b2
In base 5, what is 2 + -120310440?
-120310433
In base 2, what is 100110011110010011 + 11?
100110011110010110
In base 9, what is -1 - -35002?
35001
In base 15, what is -3 - 4b32?
-4b35
In base 2, what is -1011100 - 1110110100?
-10000010000
In base 14, what is 3565 - 2?
3563
In base 4, what is 2200 - -333?
3133
In base 13, what is 6047 + -5?
6042
In base 9, what is -12 + 1130?
1117
In base 10, what is 5 - -22256?
22261
In base 6, what is -100350 + -453?
-101243
In base 16, what is -78a - 3b?
-7c5
In base 5, what is -2034020 + -10?
-2034030
In base 14, what is -1d + -21b4?
-21d3
In base 11, what is -12 + 15001?
14a9a
In base 9, what is 24 - 4052?
-4027
In base 9, what is 7706 - 6?
7700
In base 5, what is -441040243 - 1?
-441040244
In base 4, what is 20313111020 + 11?
20313111031
In base 15, what is 3 - 82288?
-82285
In base 2, what is 10000101011010110101001 - -1?
10000101011010110101010
In base 8, what is -7340 - 1221?
-10561
In base 9, what is 104264 + 3?
104267
In base 9, what is -132335 + -1?
-132336
In base 6, what is -221054 + -101?
-221155
In base 3, what is -2021 - -112002?
102211
In base 5, what is -241 + -1041?
-1332
In base 16, what is 9 + -237f?
-2376
In base 4, what is -10300 - -311?
-3323
In base 3, what is -11002011202 - 1?
-11002011210
In base 14, what is -11 - -6bb?
6aa
In base 13, what is -23 + 580?
55a
In base 4, what is 33010 - -300?
33310
In base 4, what is -123023333 + -113?
-123030112
In base 15, what is 90ad + -1?
90ac
In base 2, what is 10001011001011 + -11?
10001011001000
In base 5, what is -41143 - 133?
-41331
In base 16, what is -e7a5 + f?
-e796
In base 11, what is -7570323 + -5?
-7570328
In base 12, what is 39 - 10387?
-1034a
In base 9, what is 0 + -12521?
-12521
In base 7, what is 451151 - 50?
451101
In base 3, what is -12 + 111200200010?
111200122221
In base 4, what is -303302220 - -11?
-303302203
In base 9, what is -7874 + -71?
-8055
In base 6, what is 25531 - -130?
30101
In base 2, what is 1000110110101011000001 + 1?
1000110110101011000010
In base 8, what is -413 - -151?
-242
In base 2, what is -10 - 1100100110101?
-1100100110111
In base 10, what is 8 - 13072?
-13064
In base 10, what is -52019 + 2?
-52017
In base 14, what is 4 - -bd59?
bd5d
In base 7, what is -343523 - -3?
-343520
In base 15, what is -a5 - 39b2?
-3a67
In base 12, what is 122 - 5558?
-5436
In base 5, what is -34321 + -2101?
-41422
In base 14, what is 41d - 80d?
-3d0
In base 15, what is -1841 + -5?
-1846
In base 12, what is -1ba631 + 3?
-1ba62a
In base 14, what is 1c7 - -3b?
224
In base 16, what is -21 + -3b4?
-3d5
In base 15, what is 3bcb7 - -4?
3bcbb
In base 12, what is -1701 - -3b?
-1682
In base 4, what is 32200 + 102?
32302
In base 9, what is 5 + 24845?
24851
In base 16, what is -507e - -1?
-507d
In base 16, what is -3644 - -8?
-363c
In base 16, what is -4fb52 - -3?
-4fb4f
In base 11, what is -3 - 8701?
-8704
In base 2, what is -1 - -1001001010000?
1001001001111
In base 10, what is -2175 + -6?
-2181
In base 11, what is 14040 + 3?
14043
In base 6, what is 3 + 10220001?
10220004
In base 11, what is -2 + -24935?
-24937
In base 5, what is 102 + 140113?
140220
In base 2, what is -10110011011011010101111 - 11?
-10110011011011010110010
In base 13, what is -36 - -2900?
2897
In base 14, what is 71 - 24b?
-1ba
In base 3, what is 10001101120 + -112?
10001101001
In base 10, what is -13 + 4529?
4516
In base 14, what is 5 + 6a8?
6ad
In base 3, what is 21201112 - 10200?
21120212
In base 5, what is -10 - -124300?
124240
In base 11, what is -1a + 1037?
1018
In base 10, what is 787 - -127?
914
In base 9, what is -42471 + 22?
-42448
In base 13, what is -37865 - 1?
-37866
In base 5, what is -2 - 2222334?
-2222341
In base 10, what is 2 - -762154?
762156
In base 3, what is -10100110002 + -1101?
-10100111110
In base 14, what is 1 + 1cdcb?
1cdcc
In base 13, what is 26a984 + 4?
26a988
In base 8, what is 352 + -6566?
-6214
In base 13, what is -4288 - 1a?
-42a5
In base 13, what is 83c + 78?
8b7
In base 6, what is -2 + -2454141?
-2454143
In base 11, what is 290954a + -4?
2909546
In base 14, what is 1d + 2485?
24a4
In base 7, what is -453 + -166?
-652
In base 13, what is 10 - -1044?
1054
In base 13, what is -2813 - 12?
-2825
In base 2, what is 0 - 1000011101100011?
-1000011101100011
In base 5, what is 31220 - -112?
31332
In base 12, what is -a268 + 4?
-a264
In base 14, what is 1126 - 0?
1126
In base 4, what is 21011121 - 21?
21011100
In base 9, what is 1824 + 123?
2047
In base 5, what is -1331 - 144?
-2030
In base 4, what is -2233020 + 101?
-2232313
In base 14, what is -131c + 0?
-131c
In base 11, what is -37 + 93?
57
In base 15, what is 23 - 2cc8?
-2ca5
In base 5, what is 324344 + -43?
324301
In base 6, what is 225 - 215313?
-215044
In base 8, what is 16 + -1104?
-1066
In base 15, what is 0 + -51de5?
-51de5
In base 8, what is -1762 + 13?
-1747
In base 2, what is -1 + 1101101100110?
1101101100101
In base 15, what is 14a44c - 1?
14a44b
In base 10, what is 1546 + -55?
1491
In base 14, what is -3d967 - 4?
-3d96b
In base 12, what is -b541a - 7?
-b5425
In base 9, what is -102152 + 2?
-102150
In base 3, what is -11 + -100200?
-100211
In base 15, what is 69 - -165?
1ce
In base 9, what is 1502 + 450?
2052
In base 12, what is 2 - 1325?
-1323
In base 14, what is -1079b2 + 1?
-1079b1
In base 14, what is -d + -197b?
-198a
In base 12, what is 5014b - -4?
50153
In base 8, what is 3213 - -244?
3457
In base 7, what is -11016 + -1111?
-12130
In base 12, what is 0 - -1034b?
1034b
In base 15, what is 110 + -a3?
5c
In base 10, what is 1368318 + -4?
1368314
In base 15, what is -2c925 + -3?
-2c928
In base 9, what is -5 - -20160?
20154
In base 14, what is 13 + 2c85?
2c98
In base 9, what is -303738 - -20?
-303718
In base 13, what is -7 - -62?
58
In base 13, what is -4 + -6978?
-697c
In base 15, what is -ced - 50?
-d4d
In base 7, what is 6 - 12462?
-12453
In base 5, what is 104114431 - -20?
104120001
In base 9, what is -306811 + -16?
-306827
In base 2, what is -11 - -100111010001110001001?
100111010001110000110
In base 4, what is 1301 - -10323023?
10330330
In base 5, what is 200 - -3412?
4112
In base 13, what is -234 - -24?
-210
In base 11, what is 4a970a + 1?
4a9710
In base 12, what is 15172 + -1?
15171
In base 15, what is ed - -190?
28d
In base 14, what is 20 - 1b4?
-194
In base 7, what is -51542 + 6?
-51533
In base 14, what is 3937 + -9b?
387a
In base 11, what is 1a5 - -119?
313
In base 7, what is -11 + -3535?
-3546
In base 14, what is -4829 + 6c?
-479b
In base 16, what is 60 - -ea7e?
eade
In base 4, what is 220 + 202000?
202220
In base 6, what is 414 - -2340?
3154
In base 12, what is 15 + -2a46?
-2a31
In base 10, what is 5 + 163810?
163815
In base 5, what is -20 + 1411012?
1410442
In base 14, what is 18d + 417?
5a6
In base 2, what is -100001 + 10000110110?
10000010101
In base 16, what is -f6 + -c2?
-1b8
In base 2, what is 101 + 10010101111011101?
10010101111100010
In base 11, what is -5 + 96a28?
96a23
In base 16, what is 597 + -9?
58e
In base 12, what is -123 + 266?
143
In base 13, what is -238a4 - -2?
-238a2
In base 16, what is -159a - -9?
-1591
In base 2, what is -1001000010 + 1101010?
-111011000
In base 2, what is 11 - 111101110010000?
-111101110001101
In base 16, what is 4454b + -1?
4454a
In base 4, what is -2013113 + 10?
-2013103
In base 5, what is 42 + -410120?
-410023
In base 14, what is -49b1 - 30?
-4a01
In base 12, what is 37b1 - -93?
3884
In base 16, what is 2556 + 61?
25b7
In base 6, what is -1 + 4502345?
4502344
In base 11, what is -480 - 4?
-484
In base 9, what is 11 + -240?
-228
In base 16, what is -10fbd + 22?
-10f9b
In base 13, what is 2c77 - 2a?
2c4a
In base 9, what is 44 + -557?
-513
In base 12, what is -33 + 61?
2a
In base 12, what is -8 + 8b?
83
In base 11, what is 4034 - 197?
3948
In base 10, what is 22385 - 14?
22371
In base 10, what is 566 + 378?
9